{"id":18,"date":"2013-08-26T17:12:36","date_gmt":"2013-08-26T17:12:36","guid":{"rendered":"http:\/\/rejman.cz\/?page_id=18"},"modified":"2022-01-31T19:30:58","modified_gmt":"2022-01-31T19:30:58","slug":"odkazy","status":"publish","type":"page","link":"https:\/\/www.rejman.cz\/?page_id=18","title":{"rendered":"Odkazy"},"content":{"rendered":"\n<p><!--:CS--><span style=\"font-family: Arial;\">Odkazy na vybran\u00e9 webov\u00e9 str\u00e1nky<\/span><\/p>\n\n\n\n<ul><li><span style=\"font-family: Arial;\"><a rel=\"noopener\" href=\"http:\/\/www.cak.cz\" target=\"_blank\">www.cak.cz<\/a> \u010cesk\u00e1 advok\u00e1tn\u00ed\u00a0komora<\/span><\/li><li><span style=\"font-family: Arial;\"><a rel=\"noopener\" href=\"http:\/\/www.businessinfo.cz\" target=\"_blank\">www.businessinfo.cz<\/a> Integrovan\u00fd syst\u00e9m informac\u00ed pro podnik\u00e1n\u00ed a\u00a0export<\/span><\/li><li><span style=\"font-family: Arial;\"><a rel=\"noopener\" href=\"http:\/\/www.justice.cz\" target=\"_blank\">www.justice.cz<\/a> Ministerstvo spravedlnosti, obchodn\u00ed a insolven\u010dn\u00ed\u00a0rejst\u0159\u00edk<\/span><\/li><li><span style=\"font-family: Arial;\"><a rel=\"noopener\" href=\"http:\/\/e-justice.europa.eu\" target=\"_blank\">http:\/\/e-justice.europa.eu<\/a> Evropsk\u00fd port\u00e1l e-justice<\/span><\/li><li><span style=\"font-family: Arial;\"><a rel=\"noopener\" href=\"http:\/\/www.euroskop.cz\" target=\"_blank\">www.euroskop.cz<\/a> Euroskop<\/span><\/li><li><span style=\"font-family: Arial;\"><a rel=\"noopener\" href=\"http:\/\/www.soud.cz\" target=\"_blank\">www.soud.cz<\/a> Rozhod\u010d\u00ed soud p\u0159i Hospod\u00e1\u0159sk\u00e9\u00a0komo\u0159e \u010cR a Agr\u00e1rn\u00ed komo\u0159e<\/span><\/li><li><span style=\"font-family: Arial;\"><a rel=\"noopener\" href=\"http:\/\/www.nsoud.cz\" target=\"_blank\">www.nsoud.cz<\/a> Nejvy\u0161\u0161\u00ed soud \u010cR<\/span><\/li><li><span style=\"font-family: Arial;\"><a rel=\"noopener\" href=\"http:\/\/www.concourt.cz\" target=\"_blank\">www.concourt.cz<\/a> \u00dastavn\u00ed soud \u010cR<\/span><\/li><li><span style=\"font-family: Arial;\"><a rel=\"noopener\" href=\"http:\/\/www.sbirka.cz\" target=\"_blank\">www.sbirka.cz<\/a> Sb\u00edrka p\u0159edpis\u016f \u010cR<\/span><\/li><li><span style=\"font-family: Arial;\"><a rel=\"noopener\" href=\"http:\/\/eur-lex.europa.eu\/\" target=\"_blank\">http:\/\/eur-lex.europa.eu\/<\/a>\u00a0Pr\u00e1vn\u00ed p\u0159edpisy EU<\/span><\/li><li><span style=\"font-family: Arial;\"><a rel=\"noopener\" href=\"http:\/\/www.psp.cz\" target=\"_blank\">www.psp.cz<\/a> Poslaneck\u00e1 sn\u011bmovna (Parlament)<\/span><\/li><li><span style=\"font-family: Arial;\"><a rel=\"noopener\" href=\"http:\/\/www.senat.cz\" target=\"_blank\">www.senat.cz<\/a> Sen\u00e1t (Parlament)<\/span><\/li><li><span style=\"font-family: Arial;\"><a rel=\"noopener\" href=\"http:\/\/www.vlada.cz\" target=\"_blank\">www.vlada.cz<\/a> Vl\u00e1da<\/span><\/li><li><span style=\"font-family: Arial;\"><a rel=\"noopener\" href=\"http:\/\/www.mpo.cz\" target=\"_blank\">www.mpo.cz<\/a> Ministerstvo\u00a0pr\u016fmyslu a obchodu<\/span><\/li><li><span style=\"font-family: Arial;\"><a rel=\"noopener\" href=\"http:\/\/www.mfcr.cz\" target=\"_blank\">www.mfcr.cz<\/a> Ministerstvo financ\u00ed<\/span><\/li><li><span style=\"font-family: Arial;\"><a rel=\"noopener\" href=\"http:\/\/www.mzv.cz\" target=\"_blank\">www.mzv.cz<\/a>\u00a0Ministerstvo zahrani\u010dn\u00edch v\u011bc\u00ed<\/span><\/li><li><span style=\"font-family: Arial;\"><a rel=\"noopener\" href=\"http:\/\/www.mvcr.cz\" target=\"_blank\">www.mvcr.cz<\/a> Ministerstvo vnitra<\/span><\/li><li><span style=\"font-family: Arial;\"><a rel=\"noopener\" href=\"http:\/\/www.czechtrade.cz\" target=\"_blank\">www.czechtrade.cz<\/a> \u010cesk\u00e1 agentura na podporu obchodu \/ CzechTrade<\/span><\/li><li><span style=\"font-family: Arial;\"><a rel=\"noopener\" href=\"http:\/\/www.czechinvest.cz\" target=\"_blank\">www.czechinvest.cz<\/a> Agentura pro podporu podnik\u00e1n\u00ed a investic<\/span><\/li><li><span style=\"font-family: Arial;\"><a rel=\"noopener\" href=\"http:\/\/www.ceb.cz\" target=\"_blank\">www.ceb.cz<\/a>\u00a0\u010cesk\u00e1 exportn\u00ed banka<\/span><\/li><li><span style=\"font-family: Arial;\"><a rel=\"noopener\" href=\"http:\/\/www.egap.cz\" target=\"_blank\">www.egap.cz<\/a> Exportn\u00ed garan\u010dn\u00ed a poji\u0161\u0165ovac\u00ed\u00a0spole\u010dnost<\/span><\/li><li><span style=\"font-family: Arial;\"><a rel=\"noopener\" href=\"http:\/\/www.komora.cz\" target=\"_blank\">www.komora.cz<\/a> Hospod\u00e1\u0159sk\u00e1 komora<\/span><\/li><li><span style=\"font-family: Arial;\"><a rel=\"noopener\" href=\"http:\/\/wwwinfo.mfcr.cz\/ares\" target=\"_blank\">wwwinfo.mfcr.cz\/ares<\/a>\u00a0ARES (Administrativn\u00ed registr ekonomick\u00fdch subjekt\u016f)<\/span><\/li><li><span style=\"font-family: Arial;\"><a rel=\"noopener\" href=\"http:\/\/www.ihned.cz\" target=\"_blank\">www.ihned.cz<\/a>\u00a0Hospod\u00e1\u0159sk\u00e9 noviny (v\u010d. Obchodn\u00edho v\u011bstn\u00edku)<\/span><\/li><li><span style=\"font-family: Arial;\"><a rel=\"noopener\" href=\"http:\/\/www.centralniadresa.cz\" target=\"_blank\">www.centralniadresa.cz<\/a>\u00a0Centr\u00e1ln\u00ed adresa \u2013 ve\u0159ejn\u00e9 dra\u017eby, ve\u0159ejn\u00e9 zak\u00e1zky<\/span><\/li><li><span style=\"font-family: Arial;\"><a rel=\"noopener\" href=\"http:\/\/www.cuzk.cz\" target=\"_blank\">www.cuzk.cz<\/a> Katastr\u00a0nemovitost\u00ed<\/span><\/li><\/ul>\n","protected":false},"excerpt":{"rendered":"<p>Odkazy na vybran\u00e9 webov\u00e9 str\u00e1nky www.cak.cz \u010cesk\u00e1 advok\u00e1tn\u00ed\u00a0komora www.businessinfo.cz Integrovan\u00fd syst\u00e9m informac\u00ed pro podnik\u00e1n\u00ed a\u00a0export www.justice.cz Ministerstvo spravedlnosti, obchodn\u00ed a insolven\u010dn\u00ed\u00a0rejst\u0159\u00edk http:\/\/e-justice.europa.eu Evropsk\u00fd port\u00e1l e-justice www.euroskop.cz Euroskop www.soud.cz Rozhod\u010d\u00ed soud p\u0159i Hospod\u00e1\u0159sk\u00e9\u00a0komo\u0159e \u010cR a Agr\u00e1rn\u00ed komo\u0159e www.nsoud.cz Nejvy\u0161\u0161\u00ed soud \u010cR www.concourt.cz \u00dastavn\u00ed soud \u010cR www.sbirka.cz Sb\u00edrka p\u0159edpis\u016f \u010cR http:\/\/eur-lex.europa.eu\/\u00a0Pr\u00e1vn\u00ed p\u0159edpisy EU www.psp.cz Poslaneck\u00e1 sn\u011bmovna (Parlament) [&hellip;]<\/p>\n","protected":false},"author":1,"featured_media":0,"parent":0,"menu_order":8,"comment_status":"closed","ping_status":"closed","template":"","meta":[],"_links":{"self":[{"href":"https:\/\/www.rejman.cz\/index.php?rest_route=\/wp\/v2\/pages\/18"}],"collection":[{"href":"https:\/\/www.rejman.cz\/index.php?rest_route=\/wp\/v2\/pages"}],"about":[{"href":"https:\/\/www.rejman.cz\/index.php?rest_route=\/wp\/v2\/types\/page"}],"author":[{"embeddable":true,"href":"https:\/\/www.rejman.cz\/index.php?rest_route=\/wp\/v2\/users\/1"}],"replies":[{"embeddable":true,"href":"https:\/\/www.rejman.cz\/index.php?rest_route=%2Fwp%2Fv2%2Fcomments&post=18"}],"version-history":[{"count":8,"href":"https:\/\/www.rejman.cz\/index.php?rest_route=\/wp\/v2\/pages\/18\/revisions"}],"predecessor-version":[{"id":247,"href":"https:\/\/www.rejman.cz\/index.php?rest_route=\/wp\/v2\/pages\/18\/revisions\/247"}],"wp:attachment":[{"href":"https:\/\/www.rejman.cz\/index.php?rest_route=%2Fwp%2Fv2%2Fmedia&parent=18"}],"curies":[{"name":"wp","href":"https:\/\/api.w.org\/{rel}","templated":true}]}}